{"id":16,"date":"2014-05-10T20:03:57","date_gmt":"2014-05-10T20:03:57","guid":{"rendered":"https:\/\/saludsierra.es\/?page_id=16"},"modified":"2014-06-17T15:14:28","modified_gmt":"2014-06-17T15:14:28","slug":"la-empresa","status":"publish","type":"page","link":"https:\/\/saludsierra.es\/?page_id=16","title":{"rendered":"Quienes somos"},"content":{"rendered":"<h2><a href=\"https:\/\/saludsierra.es\/wp-content\/uploads\/2014\/05\/Cabra_del_santo_cristo.jpg\"><img loading=\"lazy\" decoding=\"async\" class=\"aligncenter size-full wp-image-107\" src=\"https:\/\/saludsierra.es\/wp-content\/uploads\/2014\/05\/Cabra_del_santo_cristo.jpg\" alt=\"Cabra_del_santo_cristo\" width=\"877\" height=\"182\" srcset=\"https:\/\/saludsierra.es\/wp-content\/uploads\/2014\/05\/Cabra_del_santo_cristo.jpg 877w, https:\/\/saludsierra.es\/wp-content\/uploads\/2014\/05\/Cabra_del_santo_cristo-300x62.jpg 300w\" sizes=\"auto, (max-width: 877px) 100vw, 877px\" \/><\/a><\/h2>\n<p align=\"justify\">\nLa\u00a0<a href=\"http:\/\/www.saludsierra.es\"><strong>S.C.A. EL SANTO CRISTO DE BURGOS<\/strong><\/a>\u00a0naci\u00f3 en el a\u00f1o 1950 en la localidad de <a href=\"http:\/\/aytocabradelsantocristo.com\" target=\"_blank\">Cabra del Santo Cristo<\/a> como respuesta, por parte de un amplio grupo de olivareros, a la necesidad de defender su producci\u00f3n agr\u00edcola mediante la puesta en marcha de una industria ole\u00edcola propia.<\/p>\n<p align=\"justify\">Aquel germen inicial fue ampli\u00e1ndose a\u00f1o tras a\u00f1o, tanto en el n\u00famero de olivareros asociados como en la capacidad de producci\u00f3n de aceite.<\/p>\n<p align=\"justify\">\nHasta 1997 nuestras instalaciones las comprend\u00edan dos molederos de empiedro y cuatro prensas tradicionales con una capacidad de molturaci\u00f3n durante las 24 horas de 70.000 kilos de aceituna, a\u00f1o en el que se incorpora la <a href=\"http:\/\/www.saludsierra.es\"><strong>S.C.A. EL SANTO CRISTO DE BURGOS<\/strong><\/a>\u00a0a las nuevas t\u00e9cnicas de fabricaci\u00f3n, cambiando las prensas tradicionales por una l\u00ednea de producci\u00f3n continua, e incluyendo en la zona de recepci\u00f3n una l\u00ednea para pesar, limpiar y lavar la aceituna con una capacidad de molturaci\u00f3n de 100.000 kilos al d\u00eda. En el 2008 se hace una nueva reforma dotando a la almazara de otra l\u00ednea de molturaci\u00f3n de 150.000 kilos al d\u00eda, dos l\u00edneas de pesaje, limpiado y lavado de aceituna mas una bodega de acero inoxidable. Con esta \u00faltima reforma se dota a la almazara con la maquinaria necesaria para poder molturar\u00a0 la aceituna sin calefacci\u00f3n en las batidoras, obteniendo aceites de alt\u00edsima calidad. Tambi\u00e9n se ha dotado a la almazara de una planta envasado autom\u00e1tica, para garantizar a nuestros socios y clientes que el aceite que consumen es el que se produce en origen. <\/p>\n<p\/>\n<p align=\"justify\">\nLa moderna instalaci\u00f3n comprende una amplia zona de fabricaci\u00f3n ; una espl\u00e9ndida bodega con dep\u00f3sitos de acero inoxidable ,una envasadora, una zona de oficina y despachos y un\u00a0 sal\u00f3n para asambleas. \u00a0almacenes para productos fitosanitarios y fertilizantes y un surtidor de gasoleo B.<\/p>\n<p align=\"justify\">\nEn los \u00faltimos ejercicios, La\u00a0<a href=\"http:\/\/www.saludsierra.es\"><strong>S.C.A. EL SANTO CRISTO DE BURGOS<\/strong><\/a> procesa un promedio superior a los 5.000.000 de kg de aceituna, obteniendo 1.200.000 de kg de aceite.<\/p>\n<p align=\"justify\">\nJur\u00eddicamente, La\u00a0<a href=\"http:\/\/www.saludsierra.es\"><strong>S.C.A. EL SANTO CRISTO DE BURGOS<\/strong><\/a> \u00a0 es una cooperativa de primer grado, de la que forman parte 303 socios que, mediante los procedimientos tradicionales, cultivan 170.000 olivos, de la variedad Picual en su mayor\u00eda, distribuidos en 1.200 hect\u00e1reas en el t\u00e9rmino municipal de Cabra del Santo Cristo.<\/p>\n<p align=\"justify\">\nLa<a href=\"http:\/\/www.saludsierra.es\">\u00a0<strong>S.C.A. EL SANTO CRISTO DE BURGOS<\/strong><\/a> ha estado y est\u00e1 presente en todas las iniciativas surgidas en su entorno, tendentes a promover y lograr mejoras en los sistemas productivos, elevaci\u00f3n en la calidad de los aceites y optimizaci\u00f3n de los mismos.<\/p>\n<p align=\"justify\">\nParticipamos en la fundaci\u00f3n y desarrollo del <a href=\"http:\/\/http:\/\/www.sierramagina.org\/\" target=\"_blank\"><strong>Consejo Regulador de la Denominaci\u00f3n de Origen Sierra M\u00e1gina<\/strong><\/a>.<\/p>\n<p align=\"justify\">\nEn resumen el sentimiento de los miembros de\u00a0la\u00a0<a href=\"http:\/\/www.saludsierra.es\"><strong>S.C.A. EL SANTO CRISTO DE BURGOS<\/strong><\/a> en su continua defensa del sistema cooperativo apuesta por la calidad y la innovaci\u00f3n.<\/p>\n","protected":false},"excerpt":{"rendered":"<p>La\u00a0S.C.A. EL SANTO CRISTO DE BURGOS\u00a0naci\u00f3 en el a\u00f1o 1950 en la localidad de Cabra del Santo Cristo como respuesta, por parte de un amplio grupo de olivareros, a la necesidad de defender su producci\u00f3n agr\u00edcola mediante la puesta en marcha de una industria ole\u00edcola propia. Aquel germen inicial fue ampli\u00e1ndose a\u00f1o tras a\u00f1o, tanto [&hellip;]<\/p>\n","protected":false},"author":1,"featured_media":66,"parent":0,"menu_order":0,"comment_status":"open","ping_status":"open","template":"page-full.php","meta":{"footnotes":""},"class_list":["post-16","page","type-page","status-publish","has-post-thumbnail","hentry"],"_links":{"self":[{"href":"https:\/\/saludsierra.es\/index.php?rest_route=\/wp\/v2\/pages\/16","targetHints":{"allow":["GET"]}}],"collection":[{"href":"https:\/\/saludsierra.es\/index.php?rest_route=\/wp\/v2\/pages"}],"about":[{"href":"https:\/\/saludsierra.es\/index.php?rest_route=\/wp\/v2\/types\/page"}],"author":[{"embeddable":true,"href":"https:\/\/saludsierra.es\/index.php?rest_route=\/wp\/v2\/users\/1"}],"replies":[{"embeddable":true,"href":"https:\/\/saludsierra.es\/index.php?rest_route=%2Fwp%2Fv2%2Fcomments&post=16"}],"version-history":[{"count":16,"href":"https:\/\/saludsierra.es\/index.php?rest_route=\/wp\/v2\/pages\/16\/revisions"}],"predecessor-version":[{"id":185,"href":"https:\/\/saludsierra.es\/index.php?rest_route=\/wp\/v2\/pages\/16\/revisions\/185"}],"wp:featuredmedia":[{"embeddable":true,"href":"https:\/\/saludsierra.es\/index.php?rest_route=\/wp\/v2\/media\/66"}],"wp:attachment":[{"href":"https:\/\/saludsierra.es\/index.php?rest_route=%2Fwp%2Fv2%2Fmedia&parent=16"}],"curies":[{"name":"wp","href":"https:\/\/api.w.org\/{rel}","templated":true}]}}